on divisor of i and j.
2
Let v be (-2 - -3)*10/2. Suppose 3*f = v + 112. Calculate the highest common divisor of 13 and f.
13
Suppose 0 = -12*v - 4*v + 768. What is the greatest common factor of v and 6?
6
Let z be 10/(-55) - (-2378)/11. Let v = -22 - -46. What is the highest common factor of z and v?
24
Let w be -3 - (-14 + -5 - -6). What is the greatest common divisor of w and 10?
10
Suppose -3*k + 335 = 2*a, 173 = 3*a + k - 312. Calculate the highest common factor of a and 20.
20
Let v be (-630)/(-27) - 4/(-6). Suppose -4*n + 116 - v = 0. Calculate the highest common divisor of 46 and n.
23
Let u = 28 + -14. What is the greatest common divisor of 70 and u?
14
Let m = -1 - -1. Let g be (2 - m)/(3 + -1). Let f(r) = 3*r + 34. Let a be f(-8). Calculate the highest common divisor of g and a.
1
Let d = 86 - 77. Calculate the highest common factor of 81 and d.
9
Suppose -3*d + 178 = 34. Calculate the highest common factor of d and 16.
16
Let z(u) = 28*u**2 - u - 1. Let o be z(-1). Let t = o - 16. Let j(w) = 13*w**2 - 3*w. Let m be j(3). Calculate the greatest common factor of m and t.
12
Suppose 0*y - y = -28. Let t(v) = 1 + 3 + 0 + v**3 - 9*v + 8*v**2. Let r be t(-9). What is the greatest common divisor of y and r?
4
Suppose -5*x - 76 = -3*j, j - 21 + 1 = 3*x. Calculate the highest common divisor of 224 and j.
32
Suppose a - 552 = -2*a. Let g = a - 104. Suppose 0 = m - 6*m + 40. Calculate the greatest common divisor of g and m.
8
Suppose 25 = 3*j + 7. Suppose -3*y + j = -3. Calculate the highest common divisor of 6 and y.
3
Let n be (0 - -1)/((-2)/(-28)*1). What is the highest common factor of n and 28?
14
Suppose 28 = x + 19. Calculate the highest common divisor of 9 and x.
9
Let u(g) = g**2 - 4*g - 32. Let q be u(-7). Calculate the highest common factor of 18 and q.
9
Let q(n) = n**3 + 9*n**2 + 2*n - 16. Let u be q(-8). Let f = u + -25. What is the highest common factor of f and 7?
7
Let f = -9 + 39. What is the greatest common divisor of f and 10?
10
Let v(x) = -x**3 + 3*x**2 + 7*x + 8. Let j be v(4). What is the greatest common factor of j and 140?
20
Suppose 3*n + 2 = 14. Let z be n + (-1 - 0) + 13. Calculate the greatest common factor of z and 8.
8
Let r(v) = 3*v + 2. Let x be r(-4). Let d be (-36)/(-10) - 4/x. What is the greatest common divisor of 1 and d?
1
Let d = 16 - -4. What is the greatest common factor of 40 and d?
20
Let i be ((-69)/(-9) - 3)*3/2. Calculate the highest common divisor of 77 and i.
7
Suppose 4*p = -4*p + 40. Calculate the greatest common factor of p and 55.
5
Let p be (-3 - -2)*74/(-2). Suppose d + 5*m + p = 3*d, 26 = d + 5*m. What is the greatest common factor of d and 3?
3
Suppose 4*s + 38 = 3*l, 4*s - 2 = -2*l + 10. Suppose 4*n - 170 = -l. What is the highest common factor of 10 and n?
10
Suppose h - 26 = 7. Suppose -g + 2*g = 6. Suppose 0*j = c - j - g, 4*j = -12. Calculate the highest common divisor of h and c.
3
Let i be (1/(-2))/(1/(-24))*6. Calculate the highest common divisor of 48 and i.
24
Let k = 99 + -35. What is the highest common divisor of k and 8?
8
Let m = 1 - -48. Suppose -3*s = -191 - m. Calculate the greatest common factor of 16 and s.
16
Let m = -8 + 10. Let i be -103 - -6*m/4. Let c be 1*6/(-15)*i. Calculate the highest common divisor of 10 and c.
10
Suppose 0 = 3*g + 2*j - j - 92, g - 2*j - 26 = 0. Calculate the highest common divisor of g and 45.
15
Suppose -5*s + 20 + 0 = 0. Suppose -3*m + 24 = -d - 2*d, -36 = -s*m + 5*d. What is the highest common divisor of m and 32?
4
Let a = 3 + -5. Let o be (a - -1) + -1 + 15. Let w(r) = -73*r - 3. Let f be w(-2). Calculate the highest common divisor of o and f.
13
Let n(p) = -p**3 - 15*p**2 + 21*p - 12. Let f be n(-16). Let j be (16 - -1)/(-1)*-3. Let o = j - f. Calculate the greatest common factor of 13 and o.
13
Let u(k) = 5*k + 0*k - 3*k + 3*k**2 - 5*k + 2. Let f be u(2). What is the highest common divisor of f and 8?
8
Suppose -g + 132 = g. Let x = 0 + -8. Let f = x + 14. Calculate the greatest common divisor of f and g.
6
Suppose -5*v = 78 - 208. Let c be (-2)/((-2)/1) - -12. Calculate the greatest common factor of c and v.
13
Let k(c) = c**2 + 6*c + 6. Let w be k(-6). Calculate the highest common factor of w and 30.
6
Let f(w) = 4*w**2 + 33. Let h be f(0). Calculate the highest common divisor of 33 and h.
33
Let a be ((-10)/(-4))/(12/168). What is the highest common divisor of 14 and a?
7
Let i = 51 - 31. Let y = -60 - -64. Calculate the greatest common divisor of y and i.
4
Suppose -z - 15 = -60. What is the highest common divisor of z and 225?
45
Let j(a) = a**2 + 5*a - 6. Suppose n = -3*n - 28. Let k be j(n). Calculate the highest common factor of 56 and k.
8
Let y be (1/2)/((-3)/(-300)). What is the highest common divisor of y and 10?
10
Suppose 3*b + 37 = -5*w + 5, 4*w + 4*b = -32. Let s = 2 - w. Let h be s/(-27) + 3273/27. Calculate the greatest common divisor of 11 and h.
11
Suppose 0 = -y - 5 + 6. Calculate the highest common divisor of 3 and y.
1
Suppose 0 = -u + 2*u + 2, -25 = -3*j - u. Calculate the greatest common factor of 63 and j.
9
Suppose 5*x - 11*x = -336. Calculate the highest common factor of x and 14.
14
Let c = 37 - 22. Calculate the highest common factor of c and 6.
3
Suppose q = 26 + 2. Let u be 2/(-7) - (-88)/14. Let h be u/(-15) + (-66)/(-15). What is the greatest common divisor of q and h?
4
Let z = 10 + -3. Let m be 46/8 - (-1)/4. Let d be 212/m - 2/6. Calculate the highest common factor of z and d.
7
Let v = 14 + -10. Let y be -25*(-1 + v/10). Suppose -2*x = -x - 15. What is the greatest common divisor of x and y?
15
Let p(y) = y**3 - 4*y**2 - 5*y - 7. Let k be p(6). Suppose 3*j + 8 - k = 0. Calculate the highest common factor of j and 27.
9
Let v(u) = -2*u - 18. Let k be v(-10). What is the greatest common divisor of k and 5?
1
Suppose j = 8 + 10. Calculate the greatest common factor of 27 and j.
9
Let v = 30 - -16. Calculate the greatest common factor of 115 and v.
23
Suppose 0 = 2*p - 0*p - 18. Let k(a) = 4*a + 9. Let d be k(9). Calculate the greatest common factor of d and p.
9
Suppose 7*n = 10*n + 2*b - 3, 0 = 5*b. What is the highest common divisor of n and 7?
1
Suppose -2*v + 15 = v. Suppose -4*o + o + 63 = 0. Suppose o + 9 = 2*i. Calculate the greatest common divisor of i and v.
5
Suppose -3*a = -4*a + 3. Suppose 3*t = -t - 4*j + 44, 0 = t - a*j - 19. What is the greatest common factor of 13 and t?
13
Suppose -72 = -4*i - 2*n + 5*n, -5*i = -4*n - 90. What is the highest common divisor of 144 and i?
18
Suppose -5 + 3 = b. Let g be b/(-9) + 538/9. Let j(q) = -5*q - 11. Let p be j(-7). Calculate the highest common divisor of p and g.
12
Let h be (-1)/(((-4)/10)/2). Calculate the greatest common factor of 2 and h.
1
Let f be 4 - -2*2/4. Suppose 3*p = s - f + 1, -4*s = p - 3. Let w be 1*p + 18/3. Calculate the highest common divisor of w and 10.
5
Suppose 0 = 3*s + 3*z - 15, -z - 5 = -2*s + 2. Calculate the greatest common divisor of s and 4.
4
Let d = -81 - -93. Let i = 2 - 6. Let b be (-1)/(4/3)*i. Calculate the highest common divisor of b and d.
3
Let u be ((-2)/(-5))/(2/50). Suppose 0 = 4*o + 2*g - 44, -2*g + 6 = o - 4*g. Calculate the highest common factor of o and u.
10
Suppose k - 30 = -4*w, -7 = -w - 4*k + 8. Calculate the greatest common factor of w and 1.
1
Suppose -3*a + 17 = -22. Suppose 0 = 3*g - 97 + a. Suppose -2*n = 2*l - g, -1 - 4 = -5*n. Calculate the greatest common factor of 13 and l.
13
Let b be ((-45)/12)/((-3)/36). Calculate the highest common factor of 9 and b.
9
Let f(z) be the third derivative of 3*z**4/8 - z**3/2 + z**2. Let h be f(2). Calculate the highest common factor of 5 and h.
5
Let v = 6 + -2. Suppose a = -5*w + 6*a + 340, -v*a = -w + 56. What is the greatest common factor of w and 18?
18
Let o = -10 + 17. Let y(i) be the first derivative of -21*i**2/2 - 2. Let d be y(-3). What is the highest common divisor of o and d?
7
Let n be ((-2)/2 - -4)*-1. Let x = n - -6. Calculate the highest common divisor of 3 and x.
3
Let s be (-1 - -22)/(7 - 6). Calculate the highest common divisor of 7 and s.
7
Suppose -2*f = -f - 8. Suppose m = -2*i + f, 0 = 4*i + 5*m - 21 - 7. Calculate the highest common divisor of 5 and i.
1
Let y = -73 - -76. Calculate the highest common divisor of y and 6.